**2 + 2*f - 27. What is n(18)?
9
Let o(g) = -2*g**2 - 18*g + 20. What is o(-9)?
20
Let s(d) = -d**3 + 4*d**2 + 4*d + 10. Give s(5).
5
Let p(j) = 17*j**2 - 102*j - 5. Determine p(6).
-5
Let c(l) = 2*l + 19. Calculate c(9).
37
Let m(a) = -3*a**2 - 2*a + 1. Give m(2).
-15
Let v(s) = -15*s + 35. What is v(2)?
5
Let l(s) = s**2 + 10*s - 18. Give l(-11).
-7
Let f(k) = -2*k**2 - 3*k - 16. Give f(-5).
-51
Let n(l) = l - 7. What is n(14)?
7
Let g(o) = o**3 - 11*o**2 + 10*o + 9. Give g(4).
-63
Let s(x) = -x**3 - 6*x**2 - 4*x + 1. Calculate s(-5).
-4
Let d(y) = 12*y + 2. Determine d(0).
2
Let y(h) = -2*h**3 - 16*h**2 - 2*h - 7. Determine y(-8).
9
Let j(q) = q**3 - 3*q + 2. What is j(-3)?
-16
Let h(m) = -m**3 - 14*m**2 + 17*m + 28. Determine h(-15).
-2
Let o(u) = 62*u - 53. Determine o(1).
9
Let t(c) = -2*c**2 - 23*c + 29. Give t(-12).
17
Let v(j) = -7*j**2 - 43*j - 8. Determine v(-6).
-2
Let z(s) = 13*s + 3. Give z(-2).
-23
Let o(h) = -14*h + 437. Determine o(31).
3
Let w(f) = -2*f**3 - 16*f**2 - 7. Calculate w(-8).
-7
Let b(y) = y**2 - 11*y + 22. What is b(9)?
4
Let v(c) = 5*c + 73. What is v(-14)?
3
Let n(w) = 10*w - 72. Determine n(6).
-12
Let v(a) = -a**3 + 7*a**2 - 8*a + 13. Determine v(6).
1
Let n(z) = -z**2 - z + 4. Calculate n(-4).
-8
Let p(m) = -m**2 + 2*m + 3. Give p(4).
-5
Let b(m) = m**3 + 4*m**2 - 6*m. What is b(-5)?
5
Let o(y) = 15*y**2 - 4*y + 3. Determine o(2).
55
Let k(c) = 7*c**2 + c + 2. Determine k(2).
32
Let o(m) = -m**2 - 3*m. Calculate o(-3).
0
Let c(f) = 3*f + 14. Determine c(-2).
8
Let y(q) = 19*q + 347. What is y(-18)?
5
Let s(c) = c**2 + 7*c + 18. What is s(-3)?
6
Let m(f) = -7*f + 7. Give m(4).
-21
Let p(q) = -q**2 - 15*q - 14. Give p(-13).
12
Let v(o) = -o**3 + 8*o**2 - 6*o - 4. Calculate v(7).
3
Let m(b) = b**3 + 25*b**2 - 26*b + 4. Calculate m(-26).
4
Let y(v) = -v**2 - 3*v + 12. Calculate y(-6).
-6
Let k(s) = s**2 - 7*s + 2. What is k(6)?
-4
Let l(f) = f**2 - 14*f + 29. Calculate l(9).
-16
Let a(j) = j**2 + 16*j + 1. Determine a(4).
81
Let d(o) = o**2 - 17*o - 91. Calculate d(21).
-7
Let g(p) = 2*p**3 - 13*p**2 + 12*p - 7. Determine g(6).
29
Let i(u) = -9*u - 6. Determine i(0).
-6
Let t(j) = -4*j**2 - j - 1. Calculate t(2).
-19
Let q(k) = -11*k + 60. Calculate q(6).
-6
Let a(c) = 5*c**2 + 5*c - 22. Determine a(-3).
8
Let t(m) = m**3 - 6*m**2 - 16*m - 4. What is t(8)?
-4
Let y(n) = -7*n + 4. Calculate y(5).
-31
Let p(j) = -36*j - 23. Calculate p(-1).
13
Let d(m) = m**2 - 15*m - 33. What is d(-2)?
1
Let c(k) = k**2 + 4*k - 5. What is c(2)?
7
Let k(m) = 14*m + 52. Determine k(-4).
-4
Let j(s) = s**3 + 3*s**2 - s + 2. What is j(-2)?
8
Let p(l) = 20*l + 67. Determine p(-4).
-13
Let w(g) = g**2 - 10*g - 13. Determine w(6).
-37
Let p(r) = -9*r**3 - r**2 - r. Give p(-1).
9
Let q(l) = 2*l**3 + 13*l**2 + 6*l + 5. Determine q(-6).
5
Let l(c) = c**2 + 21*c - 47. Determine l(-22).
-25
Let x(o) = -28*o + 389. Calculate x(14).
-3
Let y(j) = 9*j - 2. Give y(-2).
-20
Let j(f) = f**3 + f**2 - 2*f + 14. What is j(5)?
154
Let o(q) = -9*q - 9. Give o(7).
-72
Let v(u) = -2*u**2 + 35*u + 24. Calculate v(19).
-33
Let z(v) = -v**3 + 3*v**2 + v + 5. Determine z(4).
-7
Let l(x) = -x**2 + 12*x + 39. Calculate l(15).
-6
Let h(c) = 33*c - 175. Calculate h(6).
23
Let p(l) = -40*l + 168. Calculate p(4).
8
Let r(t) = -7*t**3 + 252*t**2 - 1. Calculate r(36).
-1
Let f(h) = h**3 + 3*h**2 - 11*h + 11. Give f(3).
32
Let d(l) = -l**2 - 28*l + 36. What is d(-29)?
7
Let i(w) = -w**3 + 2*w**2 - 4*w + 10. What is i(3)?
-11
Let w(l) = 2*l - 17. Give w(-19).
-55
Let r(z) = 24*z**2 - 2831*z - 124. Calculate r(118).
-6
Let u(p) = -p**3 + 7*p**2 - 4*p - 5. What is u(6)?
7
Let n(y) = 9*y + 46. Give n(-6).
-8
Let h(l) = -l**2 + 26*l + 56. Determine h(24).
104
Let p(n) = n + 11. Determine p(5).
16
Let k(q) = -2*q**2 - 20*q - 22. What is k(-9)?
-4
Let m(o) = 4*o**2 + 34*o + 21. Give m(-7).
-21
Let h(q) = -3*q**2 - 25*q + 9. Determine h(-10).
-41
Let q(c) = 2*c + 22. Determine q(-4).
14
Let f(r) = -r**2 - 4*r + 8. Give f(-3).
11
Let h(u) = 6*u - 10. Calculate h(6).
26
Let b(y) = -y**3 - 6*y**2 + 13*y - 6. Give b(-7).
-48
Let s(n) = -n + 4. Give s(10).
-6
Let i(x) = -x**3 - 6*x**2 - x - 4. What is i(-6)?
2
Let j(a) = -a + 8. What is j(16)?
-8
Let l(y) = 2*y**3 + 20*y**2 + 3*y + 3. Give l(-10).
-27
Let p(a) = 23*a - 317. Calculate p(14).
5
Let p(x) = -x**3 + 14*x**2 - x + 25. What is p(14)?
11
Let v(m) = 2*m + 9. What is v(-3)?
3
Let h(c) = c**2 - 9*c - 3. Give h(10).
7
Let p(y) = 10*y + 114. Give p(-11).
4
Let o(q) = q**3 - 10*q**2 - 12*q + 24. Calculate o(11).
13
Let p(c) = 14*c + 384. Calculate p(-27).
6
Let g(z) = -z**3 + 15*z**2 - 11*z - 22. Determine g(14).
20
Let m(p) = p**3 - 9*p**2 - 22*p - 20. Give m(11).
-20
Let t(b) = -14*b - 1. What is t(0)?
-1
Let v(c) = 3*c**3 - 8*c**2 + 14*c - 17. Give v(5).
228
Let w(q) = -2*q**3 + 13*q**2 + 22*q + 19. Give w(8).
3
Let i(w) = -2*w**2 - 6*w + 21. What is i(-5)?
1
Let i(b) = 14*b - 38. What is i(4)?
18
Let o(a) = -9*a**2 - 1. What is o(-1)?
-10
Let m(c) = 65*c**2 - 44*c - 2. Determine m(1).
19
Let u(i) = i - 4. Determine u(1).
-3
Let k(w) = -3*w**3 - 3*w**2 + 61*w - 1. Give k(4).
3
Let q(o) = 3*o**2 - 89*o - 100. Give q(31).
24
Let d(n) = 20*n + 16. Determine d(1).
36
Let z(i) = i**2 - 2*i + 2. Give z(-1).
5
Let p(r) = r**3 - r**2 + 2*r + 11. Calculate p(0).
11
Let c(h) = -4*h - 102. Give c(-24).
-6
Let f(m) = -m**3 + 3*m**2 + 5*m - 5. Determine f(3).
10
Let r(g) = -9*g + 189. What is r(20)?
9
Let f(b) = -4*b + 17. What is f(5)?
-3
Let w(x) = -6*x + 58. Calculate w(8).
10
Let z(a) = -a**2 - 9*a + 85. What is z(-14)?
15
Let h(w) = -w**3 + 9*w**2 + 22*w + 21. What is h(11)?
21
Let p(y) = -7*y + 2. Determine p(1).
-5
Let v(f) = f**3 - 7*f**2 - 3*f + 6. What is v(7)?
-15
Let j(z) = 4*z + 32. Determine j(-14).
-24
Let h(a) = a**3 - 8*a**2 - 25*a - 23. What is h(11)?
65
Let c(s) = 2*s - 33. Give c(12).
-9
Let n(i) = -i**2 + 14*i - 48. Give n(5).
-3
Let c(b) = 10*b - 342. What is c(33)?
-12
Let i(m) = m**2 + m + 27. Calculate i(-7).
69
Let w(q) = 2*q**2 + 23*q - 49. Give w(-14).
21
Let r(k) = -k**3 - 4*k**2 + 4*k - 6. Determine r(-5).
-1
Let w(o) = -3*o**2 - 13*o + 1. Determine w(-6).
-29
Let y(f) = -f**3 - 21*f**2 + 129*f - 32. Give y(-26).
-6
Let v(n) = n**3 + 8*n**2 + 11*n + 9. What is v(-7)?
-19
Let k(a) = 16*a + 2. What is k(-1)?
-14
Let o(n) = 4*n + 82. What is o(-20)?
2
Let i(k) = k**2 + 18*k + 18. What is i(-16)?
-14
Let n(h) = 3*h**3 + h**2 + h + 4. What is n(-3)?
-71
Let s(r) = 2*r - 21. What is s(13)?
5
Let b(u) = u**2 - 11*u - 97. Give b(17).
5
Let o(m) = -4*m**2 + 5*m + 1. Determine o(2).
-5
Let v(r) = r**3 + 4*r**2 + 11*r + 5. Determine v(-5).
-75
Let i(t) = -t**2 + 16*t + 55. What is i(19)?
-2
Let l(v) = -v**3 - 3*v**2 - 5*v - 4. Determine l(-3).
11
Let u(l) = -19*l - 112. What is u(-6)?
2
Let t(c) = -12*c + 352. Give t(25).
52
Let g(v) = v**3 - 3*v**2 + 4*v - 12. Give g(4).
20
Let b(n) = 23*n**2 - 2*n. What is b(-1)?
25
Let g(c) = 2*c**2 - c - 14. Calculate g(0).
-14
Let r(s) = -6*s - 61. What is r(-10)?
-1
Let u(x) = x**3 - 5*x**2 - 13*x - 1. Give u(6).
-43
Let i(t) = -4*t**3 - 21*t**2 + 5*t + 47. What is i(-5)?
-3
Let o(s) = 7*s + 12. Calculate o(5).
47
Let i(j) = j**3 + 4*j**2 + j + 3. What is i(-6)?
-75
Let f(i) = i**2 + 4*i + 58. Give f(-10).
118
Let j(b) = b**2 - 12*b + 39. Calculate j(6).
3
Let a(j) = -5*j**3 - 4*j**2 + 3*j - 1. Determine a(2).
-51
Let l(h) = -25*h - 85. Give l(-6).
65
Let d(o) = -o**2 + 20*o - 20. What is d(19)?
-1
Let c(k) = -2*k**3 + 7*k**2 - 8*k - 3. What is c(3)?
-18
Let z(l) = -4*l - 38. What is z(0)?
-38
Let n(p) = -2*p**3 + 3*p**2 + 6. Give n(3).
-21
Let o(a) = -30*a**2 + a. Determine o(-1).
-31
Let o(j) = 5*j - 20. What is o(5)?
5
Let j(r) = 2*r + 42. Calculate j(-26).
-10
Let s(t) = t**2 - 2*t - 3. What is s(5)?
12
Let a(x) = 2*x**3 + 5*x**2 + 9*x - 3. Calculate a(-3).
-39
Let o(i) = -8*i + 150. Determine o(19).
-2
Let h(w) = 2*w - 6. What is h(-5)?
-16
Let c(n) = 12*n + 61. What is c(-5)?
1
Let o(b) = b**3 + 6*b**2 - 13*b - 18. Give o(-8).
-42
Let a(z) = -3*z + 103. Give a(33).
4
Let w(j) = -j**3 - 15*j**2 - 4*j - 22. Calculate w(-15).
38
Let f(s) = 3*s + 59. What is f(-26)?
-19
Let y(s) = -s**3 + 17*s**2 + 2*s - 24. What is y(17)?
10
Let q(a) = -a**3 - 2*a**2 + 9*a - 8. What is q